11 is divided by 286.
253
What is the remainder when 978 is divided by 98?
96
What is the remainder when 467 is divided by 146?
29
Calculate the remainder when 2787 is divided by 15.
12
What is the remainder when 985 is divided by 333?
319
Calculate the remainder when 489 is divided by 255.
234
Calculate the remainder when 3649 is divided by 21.
16
Calculate the remainder when 5441 is divided by 5432.
9
What is the remainder when 277 is divided by 6?
1
Calculate the remainder when 67 is divided by 38.
29
What is the remainder when 141 is divided by 42?
15
What is the remainder when 2913 is divided by 81?
78
What is the remainder when 75 is divided by 21?
12
What is the remainder when 3629 is divided by 202?
195
Calculate the remainder when 220 is divided by 57.
49
Calculate the remainder when 136 is divided by 38.
22
Calculate the remainder when 1039 is divided by 376.
287
Calculate the remainder when 1124 is divided by 33.
2
Calculate the remainder when 15696 is divided by 47.
45
What is the remainder when 2149 is divided by 267?
13
Calculate the remainder when 300 is divided by 142.
16
What is the remainder when 732 is divided by 46?
42
Calculate the remainder when 187 is divided by 11.
0
Calculate the remainder when 3343 is divided by 76.
75
What is the remainder when 53 is divided by 29?
24
Calculate the remainder when 92 is divided by 34.
24
What is the remainder when 382 is divided by 43?
38
Calculate the remainder when 12974 is divided by 173.
172
What is the remainder when 1533 is divided by 254?
9
What is the remainder when 64 is divided by 31?
2
What is the remainder when 177 is divided by 12?
9
Calculate the remainder when 929 is divided by 133.
131
Calculate the remainder when 6559 is divided by 9.
7
What is the remainder when 7029 is divided by 24?
21
Calculate the remainder when 18003 is divided by 14.
13
Calculate the remainder when 50 is divided by 15.
5
What is the remainder when 2726 is divided by 14?
10
Calculate the remainder when 478 is divided by 10.
8
What is the remainder when 212 is divided by 36?
32
Calculate the remainder when 2620 is divided by 43.
40
Calculate the remainder when 126 is divided by 8.
6
Calculate the remainder when 128 is divided by 4.
0
Calculate the remainder when 1889 is divided by 189.
188
What is the remainder when 80 is divided by 42?
38
Calculate the remainder when 593 is divided by 13.
8
What is the remainder when 319 is divided by 61?
14
What is the remainder when 1793 is divided by 178?
13
What is the remainder when 294 is divided by 2?
0
What is the remainder when 1143 is divided by 265?
83
Calculate the remainder when 46 is divided by 29.
17
Calculate the remainder when 387 is divided by 96.
3
Calculate the remainder when 763 is divided by 162.
115
Calculate the remainder when 456 is divided by 51.
48
What is the remainder when 1669 is divided by 11?
8
What is the remainder when 39616 is divided by 18?
16
What is the remainder when 787 is divided by 768?
19
Calculate the remainder when 124 is divided by 33.
25
What is the remainder when 429 is divided by 24?
21
Calculate the remainder when 273 is divided by 24.
9
Calculate the remainder when 3070 is divided by 44.
34
What is the remainder when 117 is divided by 106?
11
What is the remainder when 216 is divided by 59?
39
Calculate the remainder when 2170 is divided by 180.
10
What is the remainder when 228 is divided by 33?
30
Calculate the remainder when 2764 is divided by 81.
10
What is the remainder when 6828 is divided by 69?
66
What is the remainder when 257 is divided by 21?
5
What is the remainder when 157 is divided by 32?
29
Calculate the remainder when 447 is divided by 46.
33
Calculate the remainder when 404 is divided by 105.
89
Calculate the remainder when 536 is divided by 158.
62
What is the remainder when 157 is divided by 15?
7
Calculate the remainder when 380 is divided by 120.
20
Calculate the remainder when 778 is divided by 254.
16
Calculate the remainder when 65832 is divided by 285.
282
Calculate the remainder when 4749 is divided by 99.
96
Calculate the remainder when 2955 is divided by 58.
55
What is the remainder when 142 is divided by 74?
68
What is the remainder when 18864 is divided by 178?
174
What is the remainder when 452 is divided by 9?
2
Calculate the remainder when 749 is divided by 21.
14
What is the remainder when 319 is divided by 19?
15
What is the remainder when 8071 is divided by 8?
7
Calculate the remainder when 854 is divided by 172.
166
What is the remainder when 290 is divided by 269?
21
What is the remainder when 249 is divided by 48?
9
What is the remainder when 180 is divided by 16?
4
Calculate the remainder when 42 is divided by 42.
0
Calculate the remainder when 395 is divided by 196.
3
Calculate the remainder when 90 is divided by 39.
12
What is the remainder when 808 is divided by 77?
38
What is the remainder when 527 is divided by 158?
53
Calculate the remainder when 555 is divided by 3.
0
Calculate the remainder when 645 is divided by 54.
51
Calculate the remainder when 1972 is divided by 7.
5
Calculate the remainder when 206 is divided by 19.
16
What is the remainder when 85 is divided by 22?
19
Calculate the remainder when 937 is divided by 230.
17
Calculate the remainder when 163 is divided by 42.
37
Calculate the remainder when 1720 is divided by 27.
19
Calculate the remainder when 318 is divided by 80.
78
What is the remainder when 1474 is divided by 93?
79
What is the remainder when 87 is divided by 33?
21
Calculate the remainder when 1048 is divided by 25.
23
What is the remainder when 22 is divided by 12?
10
Calculate the remainder when 9115 is divided by 16.
11
What is the remainder when 2331 is divided by 384?
27
Calculate the remainder when 460 is divided by 22.
20
Calculate the remainder when 317 is divided by 13.
5
Calculate the remainder when 48 is divided by 43.
5
What is the remainder when 7198 is divided by 55?
48
What is the remainder when 4419 is divided by 34?
33
What is the remainder when 753 is divided by 29?
28
Calculate the remainder when 294 is divided by 59.
58
What is the remainder when 217 is divided by 4?
1
Calculate the remainder when 154 is divided by 55.
44
Calculate the remainder when 322 is divided by 77.
14
What is the remainder when 177 is divided by 54?
15
Calculate the remainder when 75 is divided by 21.
12
Calculate the remainder when 715 is divided by 30.
25
What is the remainder when 37 is divided by 11?
4
What is the remainder when 85 is divided by 8?
5
Calculate the remainder when 99 is divided by 37.
25
What is the remainder when 374 is divided by 25?
24
Calculate the remainder when 164 is divided by 28.
24
What is the remainder when 243 is divided by 83?
77
What is the remainder when 558 is divided by 68?
14
What is the remainder when 1150 is divided by 24?
22
What is the remainder when 1769 is divided by 37?
30
Calculate the remainder when 73 is divided by 33.
7
What is the remainder when 697 is divided by 274?
149
Calculate the remainder when 11004 is divided by 3660.
24
Calculate the remainder when 164 is divided by 34.
28
What is the remainder when 52 is divided by 22?
8
What is the remainder when 142 is divided by 18?
16
Calculate the remainder when 359 is divided by 72.
71
What is the remainder when 717 is divided by 45?
42
What is the remainder when 430 is divided by 36?
34
What is the remainder when 358 is divided by 15?
13
Calculate the remainder when 75 is divided by 39.
36
What is the remainder when 45 is divided by 19?
7
Calculate the remainder when 158 is divided by 126.
32
What is the remainder when 284 is divided by 11?
9
What is the remainder when 1828 is divided by 14?
8
Calculate the remainder when 194 is divided by 108.
86
What is the remainder when 132 is divided by 37?
21
Calculate the remainder when 3947 is divided by 12.
11
What is the remainder when 3950 is divided by 52?
50
What is the remainder when 836 is divided by 20?
16
Calculate the remainder when 11019 is divided by 95.
94
Calculate the remainder when 1869 is divided by 26.
23
What is the remainder when 790 is divided by 24?
22
Calculate the remainder when 11855 is divided by 10.
5
What is the remainder when 478 is divided by 48?
46
What is the remainder 